he remainder when 108 is divided by 48.
12
Calculate the remainder when 1457 is divided by 103.
15
Calculate the remainder when 91 is divided by 20.
11
Calculate the remainder when 789 is divided by 19.
10
What is the remainder when 2292 is divided by 28?
24
Calculate the remainder when 895 is divided by 64.
63
Calculate the remainder when 1138 is divided by 95.
93
Calculate the remainder when 803 is divided by 67.
66
Calculate the remainder when 2739 is divided by 227.
15
What is the remainder when 399 is divided by 9?
3
Calculate the remainder when 10 is divided by 8.
2
What is the remainder when 358 is divided by 40?
38
Calculate the remainder when 87 is divided by 18.
15
What is the remainder when 163 is divided by 49?
16
Calculate the remainder when 418 is divided by 42.
40
Calculate the remainder when 623 is divided by 609.
14
Calculate the remainder when 427 is divided by 142.
1
What is the remainder when 6757 is divided by 205?
197
What is the remainder when 494 is divided by 20?
14
Calculate the remainder when 4596 is divided by 100.
96
Calculate the remainder when 50 is divided by 35.
15
Calculate the remainder when 89 is divided by 32.
25
Calculate the remainder when 327 is divided by 47.
45
Calculate the remainder when 110 is divided by 59.
51
What is the remainder when 5459 is divided by 28?
27
What is the remainder when 44 is divided by 34?
10
What is the remainder when 583 is divided by 142?
15
Calculate the remainder when 110 is divided by 24.
14
Calculate the remainder when 30 is divided by 5.
0
What is the remainder when 46 is divided by 17?
12
What is the remainder when 3837 is divided by 32?
29
What is the remainder when 112 is divided by 87?
25
Calculate the remainder when 857 is divided by 86.
83
What is the remainder when 1221 is divided by 102?
99
What is the remainder when 10639 is divided by 76?
75
Calculate the remainder when 403 is divided by 141.
121
Calculate the remainder when 482 is divided by 11.
9
What is the remainder when 529 is divided by 193?
143
What is the remainder when 81 is divided by 75?
6
Calculate the remainder when 317 is divided by 58.
27
What is the remainder when 33 is divided by 6?
3
What is the remainder when 382 is divided by 48?
46
Calculate the remainder when 118 is divided by 20.
18
Calculate the remainder when 212 is divided by 45.
32
What is the remainder when 395 is divided by 132?
131
Calculate the remainder when 257 is divided by 26.
23
What is the remainder when 906 is divided by 26?
22
Calculate the remainder when 7692 is divided by 81.
78
What is the remainder when 216 is divided by 74?
68
What is the remainder when 664 is divided by 236?
192
Calculate the remainder when 323 is divided by 27.
26
What is the remainder when 772 is divided by 263?
246
Calculate the remainder when 317 is divided by 32.
29
What is the remainder when 619 is divided by 27?
25
What is the remainder when 42 is divided by 14?
0
What is the remainder when 141 is divided by 106?
35
What is the remainder when 6350 is divided by 87?
86
What is the remainder when 83 is divided by 5?
3
Calculate the remainder when 309 is divided by 158.
151
Calculate the remainder when 56 is divided by 23.
10
Calculate the remainder when 710 is divided by 31.
28
Calculate the remainder when 779 is divided by 26.
25
Calculate the remainder when 164 is divided by 34.
28
What is the remainder when 552 is divided by 78?
6
Calculate the remainder when 1740 is divided by 67.
65
Calculate the remainder when 1716 is divided by 9.
6
What is the remainder when 2056 is divided by 49?
47
What is the remainder when 131 is divided by 61?
9
What is the remainder when 2264 is divided by 15?
14
Calculate the remainder when 53 is divided by 6.
5
Calculate the remainder when 96 is divided by 13.
5
Calculate the remainder when 226 is divided by 108.
10
Calculate the remainder when 5631 is divided by 131.
129
Calculate the remainder when 18 is divided by 5.
3
Calculate the remainder when 41 is divided by 9.
5
Calculate the remainder when 78 is divided by 34.
10
What is the remainder when 723 is divided by 33?
30
What is the remainder when 5972 is divided by 12?
8
Calculate the remainder when 295 is divided by 45.
25
What is the remainder when 5 is divided by 5?
0
Calculate the remainder when 789 is divided by 72.
69
What is the remainder when 262 is divided by 12?
10
What is the remainder when 1095 is divided by 230?
175
What is the remainder when 31 is divided by 12?
7
Calculate the remainder when 659 is divided by 135.
119
Calculate the remainder when 1564 is divided by 56.
52
Calculate the remainder when 37 is divided by 24.
13
What is the remainder when 369 is divided by 178?
13
Calculate the remainder when 303 is divided by 15.
3
What is the remainder when 309 is divided by 20?
9
What is the remainder when 272 is divided by 59?
36
What is the remainder when 187 is divided by 9?
7
Calculate the remainder when 251 is divided by 63.
62
Calculate the remainder when 1711 is divided by 566.
13
Calculate the remainder when 72 is divided by 16.
8
What is the remainder when 5778 is divided by 5766?
12
Calculate the remainder when 174 is divided by 11.
9
What is the remainder when 183 is divided by 53?
24
Calculate the remainder when 333 is divided by 14.
11
What is the remainder when 452 is divided by 65?
62
What is the remainder when 109 is divided by 22?
21
Calculate the remainder when 362 is divided by 16.
10
Calculate the remainder when 22731 is divided by 9.
6
Calculate the remainder when 434 is divided by 222.
212
Calculate the remainder when 10 is divided by 6.
4
What is the remainder when 289 is divided by 119?
51
What is the remainder when 1111 is divided by 309?
184
Calculate the remainder when 171 is divided by 25.
21
Calculate the remainder when 206 is divided by 21.
17
Calculate the remainder when 389 is divided by 121.
26
What is the remainder when 31 is divided by 11?
9
Calculate the remainder when 285 is divided by 6.
3
Calculate the remainder when 4162 is divided by 155.
132
What is the remainder when 237 is divided by 133?
104
Calculate the remainder when 2548 is divided by 22.
18
Calculate the remainder when 345 is divided by 59.
50
Calculate the remainder when 107 is divided by 20.
7
What is the remainder when 177 is divided by 30?
27
What is the remainder when 26 is divided by 15?
11
Calculate the remainder when 121 is divided by 74.
47
Calculate the remainder when 197 is divided by 6.
5
Calculate the remainder when 39 is divided by 27.
12
Calculate the remainder when 1475 is divided by 300.
275
What is the remainder when 100 is divided by 82?
18
Calculate the remainder when 2540 is divided by 43.
3
Calculate the remainder when 1391 is divided by 155.
151
Calculate the remainder when 7221 is divided by 4.
1
What is the remainder when 366 is divided by 119?
9
Calculate the remainder when 35 is divided by 3.
2
Calculate the remainder when 2444 is divided by 136.
132
Calculate the remainder when 84 is divided by 29.
26
What is the remainder when 91 is divided by 23?
22
Calculate the remainder when 1211 is divided by 48.
11
Calculate the remainder when 686 is divided by 197.
95
What is the remainder when 232 is divided by 79?
74
Calculate the remainder when 1593 is divided by 84.
81
What is the remainder when 557 is divided by 16?
13
Calculate the remainder when 227 is divided by 131.
96
What is the remainder when 1099 is divided by 23?
18
What is the remainder when 1885 is divided by 346?
155
What is the remainder when 641 is divided by 18?
11
What is the remainder when 3679 is divided by 1225?
4
Calculate the remainder when 2356 is divided by 109.
67
What is the remainder when 267 is divided by 98?
71
Calculate the remainder when 20329 is divided by 81.
79
Calculate the remainder when 488 is divided by 38.
32
What is the remainder when 195 is divided by 74?
47
What is the remainder when 668 is divided by 21?
17
What is the remainder when 2359 is divided by 20?
19
Calculate the remainder when 575 is divided by 75.
50
Calculate the remainder when 399 is divided by 8.
7
Calculate the remainder when 227 is divided by 38.
37
What is the remainder when 453 is divided by 90?
3
Calculate the remainder when 2990 is divided by 11.
9
Calcula